t is the ten thousands digit of 21879421?
7
What is the thousands digit of 1662803?
2
What is the units digit of 713460?
0
What is the hundreds digit of 1017840?
8
What is the thousands digit of 46216?
6
What is the hundred thousands digit of 903562?
9
What is the millions digit of 1631744?
1
What is the tens digit of 98220?
2
What is the hundreds digit of 934234?
2
What is the millions digit of 14285721?
4
What is the tens digit of 693009?
0
What is the hundreds digit of 19365776?
7
What is the hundred thousands digit of 2992100?
9
What is the thousands digit of 18103875?
3
What is the tens digit of 11476277?
7
What is the hundred thousands digit of 1782170?
7
What is the thousands digit of 466534?
6
What is the hundreds digit of 6551567?
5
What is the hundreds digit of 6179267?
2
What is the hundred thousands digit of 538930?
5
What is the thousands digit of 23987786?
7
What is the millions digit of 2817671?
2
What is the units digit of 74242?
2
What is the hundreds digit of 204780?
7
What is the units digit of 1372538?
8
What is the ten thousands digit of 4040613?
4
What is the ten thousands digit of 94781?
9
What is the hundreds digit of 509518?
5
What is the tens digit of 1706407?
0
What is the units digit of 1494215?
5
What is the thousands digit of 217609?
7
What is the units digit of 535260?
0
What is the hundreds digit of 110323?
3
What is the hundreds digit of 148185?
1
What is the thousands digit of 7494363?
4
What is the tens digit of 20367075?
7
What is the thousands digit of 562810?
2
What is the hundred thousands digit of 435757?
4
What is the hundreds digit of 162474?
4
What is the tens digit of 405657?
5
What is the millions digit of 2124430?
2
What is the thousands digit of 3240675?
0
What is the tens digit of 2509045?
4
What is the millions digit of 1316922?
1
What is the hundred thousands digit of 1282667?
2
What is the thousands digit of 97739?
7
What is the tens digit of 307627?
2
What is the units digit of 6085629?
9
What is the hundred thousands digit of 118755?
1
What is the units digit of 4046910?
0
What is the millions digit of 3470138?
3
What is the tens digit of 2952619?
1
What is the units digit of 5892028?
8
What is the tens digit of 111939?
3
What is the units digit of 289863?
3
What is the tens digit of 744339?
3
What is the units digit of 4025717?
7
What is the tens digit of 601296?
9
What is the units digit of 103905?
5
What is the units digit of 22545624?
4
What is the millions digit of 14986054?
4
What is the units digit of 5733534?
4
What is the units digit of 245978?
8
What is the tens digit of 1166340?
4
What is the hundred thousands digit of 476566?
4
What is the hundred thousands digit of 11672717?
6
What is the thousands digit of 4688658?
8
What is the hundreds digit of 3183161?
1
What is the ten thousands digit of 12127467?
2
What is the units digit of 547137?
7
What is the hundred thousands digit of 206784?
2
What is the thousands digit of 1444045?
4
What is the hundreds digit of 619383?
3
What is the thousands digit of 479267?
9
What is the tens digit of 353079?
7
What is the tens digit of 695951?
5
What is the thousands digit of 441240?
1
What is the thousands digit of 1505624?
5
What is the units digit of 7055421?
1
What is the hundreds digit of 1489606?
6
What is the hundred thousands digit of 589505?
5
What is the hundreds digit of 576299?
2
What is the tens digit of 402008?
0
What is the ten thousands digit of 1218512?
1
What is the units digit of 86844?
4
What is the units digit of 17498665?
5
What is the millions digit of 2882167?
2
What is the units digit of 28761344?
4
What is the ten thousands digit of 545802?
4
What is the tens digit of 279219?
1
What is the thousands digit of 17746477?
6
What is the millions digit of 5087176?
5
What is the hundreds digit of 63877?
8
What is the tens digit of 231982?
8
What is the thousands digit of 14366610?
6
What is the thousands digit of 6497651?
7
What is the ten thousands digit of 113337?
1
What is the hundreds digit of 8594348?
3
What is the thousands digit of 773911?
3
What is the units digit of 29181?
1
What is the hundred thousands digit of 861854?
8
What is the hundred thousands digit of 132948?
1
What is the thousands digit of 194239?
4
What is the millions digit of 1070013?
1
What is the ten thousands digit of 1519621?
1
What is the thousands digit of 294523?
4
What is the units digit of 286025?
5
What is the hundreds digit of 7108?
1
What is the units digit of 1445040?
0
What is the units digit of 420738?
8
What is the tens digit of 231356?
5
What is the hundreds digit of 555742?
7
What is the hundred thousands digit of 1552438?
5
What is the tens digit of 696501?
0
What is the thousands digit of 309843?
9
What is the hundred thousands digit of 4430863?
4
What is the thousands digit of 541088?
1
What is the millions digit of 3351660?
3
What is the hundred thousands digit of 1203679?
2
What is the hundred thousands digit of 4538960?
5
What is the hundred thousands digit of 728355?
7
What is the tens digit of 1129148?
4
What is the hundreds digit of 3957057?
0
What is the tens digit of 1556828?
2
What is the hundreds digit of 4059145?
1
What is the hundred thousands digit of 652027?
6
What is the units digit of 308453?
3
What is the hundreds digit of 4395550?
5
What is the ten thousands digit of 10846539?
4
What is the ten thousands digit of 820752?
2
What is the ten thousands digit of 579561?
7
What is the ten thousands digit of 948152?
4
What is the tens digit of 465581?
8
What is the units digit of 753802?
2
What is the hundred thousands digit of 1188075?
1
What is the units digit of 29325493?
3
What is the hundreds digit of 937455?
4
What is the ten thousands digit of 604571?
0
What is the hundred thousands digit of 31822952?
8
What is the units digit of 3647686?
6
What is the ten millions digit of 14570680?
1
What is the ten thousands digit of 163701?
6
What is the units digit of 1583711?
1
What is the units digit of 813255?
5
What is the tens digit of 55373?
7
What is the units digit of 6983831?
1
What is the tens digit of 293285?
8
What is the millions digit of 4237506?
4
What is the hundreds digit of 2908539?
5
What is the hundred thousands digit of 5258956?
2
What is the hundred thousands digit of 6512958?
5
What is the thousands digit of 6644682?
4
What is the units digit of 2596451?
1
What is the hundreds digit of 9174356?
3
What is the millions digit of 4369024?
4
What is the hundreds digit of 455520?
5
What is the units digit of 1474019?
9
What is the ten thousands digit of 25247260?
4
What is the thousands digit of 426359?
6
What is the units digit of 178402?
2
What is the hundreds digit of 140521?
5
What is the ten thousands digit of 4301323?
0
What is the thousands digit of 458828?
8
What is the hundred thousands digit of 1960651?
9
What is the thousands digit of 963850?
3
What is the tens digit of 8910686?
8
What is the hundreds digit of 242234?
2
What is the hundreds digit of 10981247?
2
What is the hundreds digit of 1214247?
2
What is the hundreds digit of 8019738?
7
What is the tens digit of 3571348?
4
What is the hundred thousands digit of 2210809?
2
What is the tens digit of 6748?
4
What is the hundred thousands digit of 1875341?
8
What is the hundreds digit of 584851?
8
What is the units digit of 1155324?
4
What is the ten millions digit of 25270235?
2
What is the hundreds digit of 1734624?
6
What is the ten thousands digit of 1255523?
5
What is the tens digit of 4671220?
2
What is the units digit of 1017578?
8
What is the millions digit of 23142524?
3
What is the hundreds digit of 15983625?
6
What is the hundreds digit of 11709430?
4
What is the hundreds digit of 5833721?
7
What is the hundreds digit of 1577576?
5
What is the units digit of 234633?
3
What is the hundred thousands digit of 1058541?
0
What is the units digit of 3107691?
1
What is the hundreds digit of 2221303?
3
What is the thousands digit of 213946?
3
What is the tens digit of 2989092?
9
What is the units digit of 1165276?
6
What is the ten thousands digit of 13550071?
5
What is the units digit of 565698?
8
What is the hundreds digit of 312433?
4
What is the hundred thousands digit of 448164?
4
What is the hundreds digit of 8426458?
4
What is the m